{"id":141,"date":"2024-12-22T23:00:15","date_gmt":"2024-12-22T23:00:15","guid":{"rendered":"http:\/\/comparadordepalas.es\/?page_id=141"},"modified":"2024-12-22T23:54:51","modified_gmt":"2024-12-22T23:54:51","slug":"forma-lagrima","status":"publish","type":"page","link":"http:\/\/comparadordepalas.es\/?page_id=141","title":{"rendered":"Forma L\u00e1grima"},"content":{"rendered":"\n<div class=\"wp-block-media-text alignfull has-media-on-the-right is-stacked-on-mobile\" style=\"grid-template-columns:auto 30%\"><div class=\"wp-block-media-text__content\">\n<p><strong>Forma L\u00e1grima<\/strong><br>Caracter\u00edsticas principales:<br>Balance medio: El punto de equilibrio est\u00e1 en una posici\u00f3n intermedia entre el mango y la cabeza.<br>Punto dulce equilibrado: Ofrecen un buen equilibrio entre potencia y control, con un punto dulce moderado.<br>Polivalencia: Combinan caracter\u00edsticas de las palas redondas y diamante.<br>Ventajas:<br>Versatilidad para adaptarse a diferentes estilos de juego.<br>Adecuadas para jugadores intermedios o avanzados que buscan equilibrio en su juego.<\/p>\n<\/div><figure class=\"wp-block-media-text__media\"><img loading=\"lazy\" decoding=\"async\" width=\"330\" height=\"330\" src=\"http:\/\/comparadordepalas.es\/wp-content\/uploads\/2024\/12\/wilson_blade_ls_v3_pala_padel.png\" alt=\"\" class=\"wp-image-88 size-full\" srcset=\"http:\/\/comparadordepalas.es\/wp-content\/uploads\/2024\/12\/wilson_blade_ls_v3_pala_padel.png 330w, http:\/\/comparadordepalas.es\/wp-content\/uploads\/2024\/12\/wilson_blade_ls_v3_pala_padel-300x300.png 300w, http:\/\/comparadordepalas.es\/wp-content\/uploads\/2024\/12\/wilson_blade_ls_v3_pala_padel-150x150.png 150w\" sizes=\"auto, (max-width: 330px) 100vw, 330px\" \/><\/figure><\/div>\n","protected":false},"excerpt":{"rendered":"<p>Forma L\u00e1grimaCaracter\u00edsticas principales:Balance medio: El punto de equilibrio est\u00e1 en una posici\u00f3n intermedia entre el mango y la cabeza.Punto dulce equilibrado: Ofrecen un buen equilibrio entre potencia y control, con un punto dulce moderado.Polivalencia: Combinan caracter\u00edsticas de las palas redondas y diamante.Ventajas:Versatilidad para adaptarse a diferentes estilos de juego.Adecuadas para jugadores intermedios o avanzados que [&hellip;]<\/p>\n","protected":false},"author":1,"featured_media":0,"parent":0,"menu_order":0,"comment_status":"closed","ping_status":"closed","template":"","meta":{"footnotes":""},"class_list":["post-141","page","type-page","status-publish","hentry"],"_links":{"self":[{"href":"http:\/\/comparadordepalas.es\/index.php?rest_route=\/wp\/v2\/pages\/141","targetHints":{"allow":["GET"]}}],"collection":[{"href":"http:\/\/comparadordepalas.es\/index.php?rest_route=\/wp\/v2\/pages"}],"about":[{"href":"http:\/\/comparadordepalas.es\/index.php?rest_route=\/wp\/v2\/types\/page"}],"author":[{"embeddable":true,"href":"http:\/\/comparadordepalas.es\/index.php?rest_route=\/wp\/v2\/users\/1"}],"replies":[{"embeddable":true,"href":"http:\/\/comparadordepalas.es\/index.php?rest_route=%2Fwp%2Fv2%2Fcomments&post=141"}],"version-history":[{"count":4,"href":"http:\/\/comparadordepalas.es\/index.php?rest_route=\/wp\/v2\/pages\/141\/revisions"}],"predecessor-version":[{"id":177,"href":"http:\/\/comparadordepalas.es\/index.php?rest_route=\/wp\/v2\/pages\/141\/revisions\/177"}],"wp:attachment":[{"href":"http:\/\/comparadordepalas.es\/index.php?rest_route=%2Fwp%2Fv2%2Fmedia&parent=141"}],"curies":[{"name":"wp","href":"https:\/\/api.w.org\/{rel}","templated":true}]}}